t is -100 - -110000110111100000100?
110000110111100000000
In base 15, what is -1d494c - 0?
-1d494c
In base 8, what is 113572 - -130?
113722
In base 9, what is -6 - -483734327?
483734321
In base 5, what is 1312022 - 130?
1311342
In base 12, what is 1504 - -252b?
3a33
In base 2, what is -111110100 - -11011110101100100000?
11011110100100101100
In base 15, what is -c5 + a5a7a?
a59a5
In base 3, what is 10020121000210010 - -11?
10020121000210021
In base 10, what is 1220 - -562000?
563220
In base 6, what is 0 - 1541242?
-1541242
In base 6, what is 11214 - 152015?
-140401
In base 12, what is -4878a2b1 + 0?
-4878a2b1
In base 9, what is -15586324 - 3?
-15586327
In base 15, what is 6b7 - 51b06?
-5143e
In base 6, what is -233204 + 1021414?
344210
In base 5, what is 13321030121 - 4?
13321030112
In base 5, what is 13221222004 - -142?
13221222201
In base 12, what is -6a3b + 2a1?
-675a
In base 14, what is 79335a - -1?
79335b
In base 7, what is -101 + -16516243?
-16516344
In base 15, what is 4 + -5127618?
-5127614
In base 9, what is 1814165 + 3?
1814168
In base 3, what is -2202200221 + -2020120?
-2211221111
In base 9, what is 240312 + 1020?
241332
In base 12, what is -16 + 435b72?
435b58
In base 3, what is 1101011 + 22210102211?
22211210222
In base 15, what is 28 - -239a6d?
239a96
In base 15, what is 1a01 - 888?
1168
In base 13, what is -47c - -2b076?
2a8c7
In base 2, what is 1111000 + 1011001101000000000?
1011001101001111000
In base 10, what is 743 + -460?
283
In base 15, what is -b + -2a09b?
-2a0a7
In base 9, what is -47074 + 26?
-47047
In base 2, what is 1010000010011110001011 - -100000?
1010000010011110101011
In base 3, what is 110210020012112 - 10?
110210020012102
In base 14, what is 3b7043 - -aa?
3b710d
In base 12, what is -5b17a6 - 8?
-5b17b2
In base 14, what is -d - 108c35?
-108c44
In base 5, what is -121411 - 4013?
-130424
In base 12, what is -67289b + 1?
-67289a
In base 5, what is 12 - -221122332?
221122344
In base 4, what is 1021200300 + -111100?
1021023200
In base 12, what is b92b + -163?
b788
In base 5, what is -1112313142 + 3?
-1112313134
In base 13, what is -791765c9 + 1?
-791765c8
In base 5, what is 4 - -10244214414?
10244214423
In base 15, what is c87e - -5ad?
ce3c
In base 7, what is 1263063 - -516?
1263612
In base 4, what is 11010002230 - 131?
11010002033
In base 15, what is -14 - -11521?
1150c
In base 3, what is 11111200 + 1210120022?
1222001222
In base 5, what is 10142223324 + 10?
10142223334
In base 8, what is 2340 - 53701?
-51341
In base 8, what is 17 + -21455126?
-21455107
In base 5, what is -12430410 - -1131?
-12424224
In base 10, what is 78614 - -7405?
86019
In base 15, what is -8b14 - -5226?
-38dd
In base 12, what is -4876114 - 5?
-4876119
In base 13, what is -17812 - 4419?
-1bc2b
In base 14, what is -a6 + 4968?
48a2
In base 10, what is -1222353 + 7?
-1222346
In base 3, what is -101122 - 21200?
-200022
In base 12, what is 1 - 5292696?
-5292695
In base 2, what is 101001011110010111 - 1000110111?
101001010101100000
In base 16, what is -b53f8 - -41f?
-b4fd9
In base 5, what is 330024 - -1444414?
2324443
In base 14, what is 8 - c9bc07?
-c9bbdd
In base 5, what is -10412 + -131132243?
-131143210
In base 14, what is 26b84 - -19?
26b9d
In base 8, what is -1433 - -205516?
204063
In base 11, what is -a37 + 7246?
630a
In base 16, what is 1092 - 2147?
-10b5
In base 16, what is 1264d - 5a?
125f3
In base 8, what is -1164414341 - 5?
-1164414346
In base 10, what is -30726 + -1015?
-31741
In base 16, what is -2e7b6 - -13?
-2e7a3
In base 7, what is -6644243 - 0?
-6644243
In base 15, what is 522d4ba + 3?
522d4bd
In base 4, what is 132 + 1201301230?
1201302022
In base 3, what is 2200110101211 + -2?
2200110101202
In base 7, what is -46 - -411634?
411555
In base 7, what is 1352352 + -12?
1352340
In base 4, what is -3 - 13211213021030?
-13211213021033
In base 4, what is 201012 + -300203?
-33131
In base 15, what is 4bdc36 + 3?
4bdc39
In base 6, what is -5054424 - 543?
-5055411
In base 8, what is 21745601 + -11?
21745570
In base 5, what is -42342020 + 132?
-42341333
In base 5, what is -2 + -4223321301?
-4223321303
In base 15, what is -703c9 + 5?
-703c4
In base 16, what is -4 - -a4936e?
a4936a
In base 15, what is 3 + 14c982?
14c985
In base 2, what is 110010101110 - 10100000101000?
-1101101111010
In base 11, what is -4 - -9374597?
9374593
In base 7, what is -5 - -2062234632?
2062234624
In base 9, what is 0 + -5504586?
-5504586
In base 4, what is 201310013 + -1201302?
200102111
In base 14, what is 0 + -48b544?
-48b544
In base 10, what is -526843 + 31?
-526812
In base 6, what is -23431 - -132303?
104432
In base 11, what is -379 - 259932?
-25a200
In base 4, what is 3 - 12302200311?
-12302200302
In base 16, what is -318 + -d58?
-1070
In base 15, what is -21 - 1810eb?
-18111c
In base 5, what is -2 - -200224414?
200224412
In base 2, what is 111100111 - 10101111000111?
-10100111100000
In base 4, what is -1132003131 - -1103?
-1132002022
In base 6, what is 13 + -154030303?
-154030250
In base 10, what is 1 - 32361568?
-32361567
In base 9, what is 513 + -2552640?
-2552126
In base 15, what is 4686489 - 12?
4686477
In base 14, what is 540 - c268?
-bb28
In base 5, what is 3 - -4121211?
4121214
In base 16, what is -181ea4 - -157?
-181d4d
In base 7, what is -621 + 136103?
135152
In base 3, what is 120201202212200 + -212?
120201202211211
In base 4, what is -11322003133 - -3030?
-11322000103
In base 13, what is -293b8 + 2933?
-26785
In base 14, what is -107dd5a3 + 5?
-107dd59c
In base 12, what is -28b + 9863?
9594
In base 15, what is 39e89ac - -1?
39e89ad
In base 5, what is -412404 - 34120?
-1002024
In base 5, what is 32334102 - 12?
32334040
In base 9, what is -4 - 12534140?
-12534144
In base 13, what is -8915820 - 4?
-8915824
In base 15, what is -12be3e + -2e?
-12be6d
In base 2, what is 111011011111001110 + 10100?
111011011111100010
In base 13, what is 4 + -41c229?
-41c225
In base 12, what is aa299 + 3ba?
aa697
In base 3, what is 11 - -1221020001121000?
1221020001121011
In base 13, what is 2a4a613 + 1?
2a4a614
In base 9, what is -343226 + 265?
-342851
In base 4, what is 3 + -130111110032?
-130111110023
In base 3, what is -2221202022100 + -2022?
-2221202101122
In base 9, what is 151210 - 455?
150644
In base 3, what is 1111 - 1022002201111?
-1022002200000
In base 16, what is 2 + 1c0e28?
1c0e2a
In base 4, what is -323213310 - 22223?
-323302133
In base 4, what is -33303123 + 1332?
-33301131
In base 8, what is 170415 - -45502?
236117
In base 10, what is 2301 - -14115?
16416
In base 10, what is 9 - 2783475?
-2783466
In base 6, what is -202 - -25330?
25124
In base 3, what is -2212200202200220 + -11?
-2212200202201001
In base 3, what is -2000010002110200 - -12?
-2000010002110111
In base 7, what is 1223 - 1263241?
-1262015
In base 9, what is -1232773033 - 2?
-1232773035
In base 16, what is 9bc48 - 2?
9bc46
In base 15, what is 37dd2 - -3?
37dd5
In base 3, what is 11001 + 102022100?
102110101
In base 9, what is -452708 - 1?
-452710
In base 11, what is 1a27 + -34?
19a3
In base 5, what is -10 - 21223132012?
-21223132022
In base 12, what is -111160b + -79?
-1111688
In base 8, what is 21444 + 56650?
100314
In base 7, what is -525 - 2663015?
-2663543
In base 10, what is -5 + 33878247?
33878242
In base 14, what is 30 - -745d5?
74625
In base 11, what is 148360 - 313?
148048
In base 14, what is 1 + 484106?
484107
In base 9, what is 4 - -226775323?
226775327
In base 15, what is -4704a88 + 3?
-4704a85
In base 9, what is -20 + 20172853?
20172833
In base 3, what is 2001101011011111 + 12?
2001101011011200
In base 3, what is -10 + 2012121101200210?
2012121101200200
In base 14, what is -82d + 3d0?
-43d
In base 4, what is 11130231 + 12231?
11203122
In base 3, what is 11 - 102202222122?
-102202222111
In base 3, what is -222210 - 112120110?
-120120020
In base 4, what is 1203121200110 + -23?
1203121200021
In base 4, what is 11321002000 + -100?
11321001300
In base 2, what is -101 - -1101010000110111111?
1101010000110111010
In base 2, what is -10 - -101010001111000010000?
101010001111000001110
In base 12, what is -38266881 + -4?
-38266885
In base 16, what is -2e45 - -29?
-2e1c
In base 3, what is -111 - -1200022111010?
1200022110122
In base 4, what is 10213031003103 - 10?
10213031003033
In base 8, what is 